{"id":7,"date":"2021-08-25T03:47:08","date_gmt":"2021-08-25T03:47:08","guid":{"rendered":"https:\/\/ha2ksd.hu\/?page_id=7"},"modified":"2022-09-01T17:28:23","modified_gmt":"2022-09-01T17:28:23","slug":"kapcsolat","status":"publish","type":"page","link":"https:\/\/ha2ksd.hu\/?page_id=7","title":{"rendered":"Kapcsolat"},"content":{"rendered":"\n<figure class=\"wp-block-image size-full is-resized\"><img loading=\"lazy\" decoding=\"async\" src=\"https:\/\/ha2ksd.hu\/wp-content\/uploads\/2022\/09\/envelope.png\" alt=\"\" class=\"wp-image-1314\" width=\"88\" height=\"88\" srcset=\"https:\/\/ha2ksd.hu\/wp-content\/uploads\/2022\/09\/envelope.png 512w, https:\/\/ha2ksd.hu\/wp-content\/uploads\/2022\/09\/envelope-300x300.png 300w, https:\/\/ha2ksd.hu\/wp-content\/uploads\/2022\/09\/envelope-150x150.png 150w, https:\/\/ha2ksd.hu\/wp-content\/uploads\/2022\/09\/envelope-100x100.png 100w\" sizes=\"auto, (max-width: 88px) 100vw, 88px\" \/><\/figure>\n\n\n\n<p>ha2ksd kuk@c ha2ksd pont hu<\/p>\n\n\n\n<hr class=\"wp-block-separator has-css-opacity\"\/>\n\n\n\n<p>Bakony R\u00e1di\u00f3 Klub &#8211; Veszpr\u00e9m<\/p>\n","protected":false},"excerpt":{"rendered":"<p>ha2ksd kuk@c ha2ksd pont hu Bakony R\u00e1di\u00f3 Klub &#8211; Veszpr\u00e9m<\/p>\n","protected":false},"author":1,"featured_media":582,"parent":0,"menu_order":0,"comment_status":"closed","ping_status":"closed","template":"","meta":{"footnotes":""},"class_list":["post-7","page","type-page","status-publish","has-post-thumbnail","hentry"],"_links":{"self":[{"href":"https:\/\/ha2ksd.hu\/index.php?rest_route=\/wp\/v2\/pages\/7","targetHints":{"allow":["GET"]}}],"collection":[{"href":"https:\/\/ha2ksd.hu\/index.php?rest_route=\/wp\/v2\/pages"}],"about":[{"href":"https:\/\/ha2ksd.hu\/index.php?rest_route=\/wp\/v2\/types\/page"}],"author":[{"embeddable":true,"href":"https:\/\/ha2ksd.hu\/index.php?rest_route=\/wp\/v2\/users\/1"}],"replies":[{"embeddable":true,"href":"https:\/\/ha2ksd.hu\/index.php?rest_route=%2Fwp%2Fv2%2Fcomments&post=7"}],"version-history":[{"count":12,"href":"https:\/\/ha2ksd.hu\/index.php?rest_route=\/wp\/v2\/pages\/7\/revisions"}],"predecessor-version":[{"id":1315,"href":"https:\/\/ha2ksd.hu\/index.php?rest_route=\/wp\/v2\/pages\/7\/revisions\/1315"}],"wp:featuredmedia":[{"embeddable":true,"href":"https:\/\/ha2ksd.hu\/index.php?rest_route=\/wp\/v2\/media\/582"}],"wp:attachment":[{"href":"https:\/\/ha2ksd.hu\/index.php?rest_route=%2Fwp%2Fv2%2Fmedia&parent=7"}],"curies":[{"name":"wp","href":"https:\/\/api.w.org\/{rel}","templated":true}]}}